460
In base 15, what is -2 + 17?
15
In base 13, what is 124 - -31?
155
In base 11, what is 256 + 11?
267
In base 3, what is 20022021 + -11?
20022010
In base 10, what is 284 + 22?
306
In base 14, what is -1a1 + 2?
-19d
In base 8, what is 370 + 4?
374
In base 12, what is -2337 - -1?
-2336
In base 3, what is -12 - -22?
10
In base 2, what is 11010 - 1000110100?
-1000011010
In base 5, what is 11 - -30140?
30201
In base 2, what is -1110101011110 + 11?
-1110101011011
In base 6, what is 1313 - -4?
1321
In base 4, what is 10 + 32113?
32123
In base 15, what is 5 - -23?
28
In base 7, what is 1223 - 3?
1220
In base 2, what is 10010110 + -11?
10010011
In base 7, what is 34 - 330?
-263
In base 15, what is 0 + 1d?
1d
In base 10, what is -161 - -4?
-157
In base 11, what is 11 + 35?
46
In base 12, what is -47 - 1?
-48
In base 4, what is -10 + 130?
120
In base 8, what is -42 + 217?
155
In base 5, what is -14340 - 12?
-14402
In base 7, what is -2602 + -5?
-2610
In base 16, what is 7 + 48?
4f
In base 10, what is 3 + 75?
78
In base 9, what is 4 - -1044?
1048
In base 9, what is 418 + 2?
421
In base 6, what is -2 + 55?
53
In base 6, what is 0 + -315?
-315
In base 10, what is -9166 - -4?
-9162
In base 8, what is 1105 - 0?
1105
In base 14, what is -1 + 80?
7d
In base 6, what is -2 + -2443?
-2445
In base 9, what is 2 - -1054?
1056
In base 5, what is 133 - -2?
140
In base 14, what is -533 - 25?
-558
In base 10, what is 1 + 2840?
2841
In base 8, what is 22727 + 4?
22733
In base 5, what is 0 + -2114?
-2114
In base 9, what is 4 - -2145?
2150
In base 4, what is -33202 - -12?
-33130
In base 9, what is -5 - -302?
286
In base 11, what is -4 + 831?
828
In base 9, what is 25 - 241?
-215
In base 7, what is -550 + -2?
-552
In base 13, what is 3 - 78?
-75
In base 6, what is 1004 - 4?
1000
In base 16, what is 10 - 5?
b
In base 15, what is 17 + -4?
13
In base 8, what is -217 + -47?
-266
In base 8, what is 25 - -21?
46
In base 7, what is 440 - 2?
435
In base 7, what is 101 + 11?
112
In base 6, what is 14544 - 1?
14543
In base 12, what is -12 + -2b?
-41
In base 12, what is -3b9 + 3?
-3b6
In base 3, what is 2012111101 - -1?
2012111102
In base 5, what is 1 + -1030?
-1024
In base 4, what is -2033 + -303?
-3002
In base 10, what is -609 - 7?
-616
In base 5, what is -4 - 10232?
-10241
In base 5, what is -332 + -201?
-1033
In base 10, what is 3 - -186?
189
In base 11, what is 233 - 2?
231
In base 13, what is 360b - -1?
360c
In base 10, what is 0 - 4?
-4
In base 15, what is 0 - 8ea?
-8ea
In base 16, what is 2ff - 1?
2fe
In base 8, what is -52 + 27?
-23
In base 7, what is 326 + 1?
330
In base 3, what is -11 - -200?
112
In base 13, what is -4 - -62?
5b
In base 9, what is 336 - 5?
331
In base 2, what is 100100111000000 + 1?
100100111000001
In base 3, what is 2202211 + -1?
2202210
In base 2, what is 1001000 + -11?
1000101
In base 4, what is -20223 - -1?
-20222
In base 6, what is 110 - 22?
44
In base 6, what is -202243 + 4?
-202235
In base 13, what is 4 + 36?
3a
In base 16, what is -2 - -53?
51
In base 3, what is 1001 - 221?
10
In base 15, what is -b - 16?
-22
In base 12, what is 7 + 223?
22a
In base 13, what is 11 + 699?
6aa
In base 7, what is 3606 - 5?
3601
In base 14, what is -25 - 3?
-28
In base 15, what is -140 + 20?
-120
In base 6, what is -1140 + 0?
-1140
In base 4, what is 330 + -2?
322
In base 5, what is 10 + 23101?
23111
In base 3, what is -11 + -1?
-12
In base 13, what is -13 - 2?
-15
In base 10, what is 2 + 224?
226
In base 16, what is -1b8 - b?
-1c3
In base 12, what is 95 + 4?
99
In base 12, what is -282 + -8?
-28a
In base 10, what is -5 - 399?
-404
In base 3, what is 20111 - -1?
20112
In base 13, what is 3 + 2?
5
In base 15, what is 21 - -1be?
1e0
In base 8, what is -5 + -423?
-430
In base 5, what is 0 - -12224?
12224
In base 13, what is -143 + 1?
-142
In base 4, what is 13 + -1130?
-1111
In base 9, what is 0 - -1511?
1511
In base 14, what is -124c - -3?
-1249
In base 11, what is 184 - -5?
189
In base 13, what is 7 + 76?
80
In base 6, what is -1 - -335?
334
In base 9, what is 4 - 17?
-13
In base 8, what is 3 - -2412?
2415
In base 12, what is 80a2 + -5?
8099
In base 10, what is 7945 - 2?
7943
In base 3, what is 201020 + 100?
201120
In base 13, what is -2b9 + 2?
-2b7
In base 2, what is 100 + 111?
1011
In base 11, what is -39 + -2?
-40
In base 7, what is -4460 - -3?
-4454
In base 16, what is 5 - c6?
-c1
In base 9, what is 4 - -88?
103
In base 2, what is 11 + 1001001?
1001100
In base 11, what is -29 + 66?
38
In base 12, what is -5 - 255?
-25a
In base 9, what is -487 - -84?
-403
In base 10, what is 5 + -296?
-291
In base 12, what is -20b - -2?
-209
In base 13, what is 75 + -6?
6c
In base 10, what is -2 + 7?
5
In base 9, what is -10 - -5?
-4
In base 14, what is -a - -4?
-6
In base 14, what is 2 - -734?
736
In base 15, what is -1 - -e8?
e7
In base 5, what is 2 - 1132?
-1130
In base 9, what is -5 + 160?
154
In base 10, what is -3 + -2116?
-2119
In base 4, what is 2023 - -320?
3003
In base 15, what is -1261 - -2?
-125e
In base 5, what is 1431 + -4?
1422
In base 16, what is -4514 - 4?
-4518
In base 16, what is -3 + -81?
-84
In base 14, what is 0 + 1b8?
1b8
In base 16, what is 133 + 1d?
150
In base 16, what is 145 + -14?
131
In base 13, what is 7 - -153?
15a
In base 16, what is 4 - 1f7?
-1f3
In base 15, what is cc - 17?
b5
In base 13, what is -21 - 1c?
-40
In base 15, what is -2 + 0?
-2
In base 10, what is -10 + 91?
81
In base 12, what is -3877 - 0?
-3877
In base 7, what is 5 - -1241?
1246
In base 16, what is -5 - 4b?
-50
In base 6, what is 2112 - -33?
2145
In base 6, what is 2 + 53?
55
In base 11, what is -3 + -54?
-57
In base 7, what is 5 - 5025?
-5020
In base 9, what is 3 + 5?
8
In base 9, what is -1121 + 13?
-1107
In base 3, what is -120211 - 22?
-121010
In base 6, what is 5 + 32?
41
In base 2, what is -11100100 + -1100?
-11110000
In base 16, what is -5 - -845?
840
In base 13, what is -1 + 0?
-1
In base 10, what is -5 - 665?
-670
In base 6, what is -35 + -20?
-55
In base 12, what is -90b - -10?
-8bb
In base 11, what is 3 + 89?
91
In base 5, what is 1 - 233?
-232
In base 12, what is 45 + -265?
-220
In base 4, what is -102 + 10030?
3322
In base 7, what is -211 - -11?
-200
In base 10, what is 240 - 4?
236
In base 12, what is -1249 - 4?
-1251
In base 16, what is 1745 - 4?
1741
In base 6, what is 534 + -2?
532
In base 2, what is -10 - 1010011110101?
-1010011110111
In base 9, what is -5 - 73?
-78
In base 7, what is 62 + 0?
62
In base 4, what is -12120211 + -2?
-12120213
In base 5, what is -112 + 100?
-12
In base 5, what is 3 - -4111?
4114
In base 6, what is -53 + 0?
-53
In base 12, what is 857 + -1?
856
In base 3, what is 112 + -12001?
-11112
In base 9, what is 507 + 0?
507
In base 13, what is -3 + -2011?
-2014
In base 11, what is -a3a - 1?
-a40
In base 12, what is 290 + -5?
287
In base 12, what is -3a1 - 0?
-3a1
In base 12, what is -159 - -3?
-156
In base 10, what is 89 - -86?
175
In base 14, what is -11 + -3?
-14
In base 5, what is -144044 - -2?
-144042
In base 15, what is -330 - -3?
-32c
In base 9, what is 21 - -24?
45
In base 4, what is -10 + 12?
2
In base 8, what is 15 + 15?
32
In base 11, what is -16a6 - 0?
-16a6
In base 5, what is 42213 + 1?
42214
In base 7, what is -231 - -52?
-146
In base 11, what is 55 - 4?
51
In base 4, what is 1 + 1033210?
1033211
In base 3, what is -11 + 11011?
11000
In base 2, what is -11 - -1000000?
111101
In base 13, what is 4a1 + 0?
4a1
In base 14, what is 19 - 17?
2
In base 14, what is 8 - c?
-4
In base 8, what is -3 + 205?
202
In base 15, what is 3 + -31?
-2d
In base 11, what is 2 - 43?
-41
In base 9, what is 10 - 57?
-47
In base 2, what is -101101001 + 110000?
-100111001
In base 15, what is -442 - -3?
-43e
In base 14, what is 2 + c6?
c8
In base 6, what is -20 + 5?
-11
In base 6, what is -4 + 10140?
10132
In base 12, what is 6a6 - 0?
6a6
In base 7, what is 0 + -322?
-322
In base 5, what is 134 - -10?
144
In base 15, what is -1c - -7?
-15
In base 16, what is 1d5 + -3?
1d2
In base 3, what is -111 - 22?
-210
In base 15, what is -4 - -660?
65b
In base 5, what is -13 - 20?
-33
In base 10, what is 404 - 0?
404
In base 13, what is -9 - 16?
-22
In base 9, what is -1 - 1578?
-1580
In base 14, what is 172 - 1?
171
In base 8, what is 23 + 164?
207
In base 3, what is 1